. Let t(c) = 1 - 242*c - 3 + r*c. Determine t(h).
4
Let l be 3*4 - 16/16. Let d be (-9 + 6)*-1*(l + 2). Let w = 45 - d. Let t(g) = -g + 12. Determine t(w).
6
Let z be (-5)/((-25)/15) - (0 + 1). Let s(x) = 4*x + x**3 + 250 - z*x - 5*x**2 - 246. Calculate s(4).
-4
Let w(i) = 2*i - 24. Let b(g) = 208 - 11*g - 15*g - 32 + 3*g. Let l be b(7). What is w(l)?
6
Let y(d) = -d**2 + 6*d + 28. Suppose 0 = -7*r - 65 + 128. Calculate y(r).
1
Suppose -2*s = -0*s + 4, 3*f - 10 = -s. Suppose 0*x + f*x + 20 = 0. Let v(t) = -1036*t - 4. Let w(l) = 565*l + 2. Let z(h) = -6*v(h) - 11*w(h). Calculate z(x).
-3
Suppose -2*o + 305 = b, 162 = o + 4*b - 8. Let r(j) = -o + 2*j - 158 + 312. Let z be (-51)/(-12) - 1/4. What is r(z)?
12
Let x(w) be the second derivative of -w**2 + 5/12*w**4 + 1/20*w**5 - w + 23 + 2/3*w**3. Give x(-5).
-22
Suppose -18*v - 2 = -19*v. Let l(s) = -3*s**3 + 4*s - 7. Let f(x) = x**3 - x + 2. Let p(o) = -7*f(o) - 2*l(o). Calculate p(v).
-10
Let a be 48/7 - 9/(-63). Suppose -a*j = 64 - 15. Let c(w) = w**3 + 6*w**2 - 7*w - 1. What is c(j)?
-1
Let n(x) = x**3 - 4*x**2 + x. Suppose 3*r + 20 = 2*j, 3*j = 2*r + 3*r + 33. Let o(b) = b**2 + 8*b + 16. Let f be o(r). Give n(f).
4
Let t(u) = -u**3 - 5*u**2 - 3*u + 7. Let v be t(-3). Let b(d) = 14*d - 1. Give b(v).
-29
Let f(d) = -5*d - 129. Let j be ((-6958)/(-196))/((-6)/4) + (-2)/6. Determine f(j).
-9
Suppose 19 = -9*u - 23 - 3. Let y be (-28)/(-8) - 2/(-4). Let v(i) = -4*i + 2*i**2 + 0*i**2 - y*i**2 + i**2. What is v(u)?
-5
Suppose -32*f = -21*f - 11. Let u(r) be the second derivative of r**4/12 + r**3/2 - r**2/2 - 11*r - 3. Determine u(f).
3
Let l(k) = k. Let d(u) = u**3 + 2*u**2 - u - 4. Let n(f) = -5*f + 3. Let z = -68 + 69. Let x be n(z). Let c be d(x). Give l(c).
-2
Suppose 37*h = 32*h + 60. Let x be 7/7*h/(2 + -4). Let d(r) be the second derivative of -r**4/12 - r**3 + r**2/2 + r. What is d(x)?
1
Let d(k) = 3 + k - 3 + 15 - 4*k. Suppose -4*c - 4*o = -12, -3*c = 22*o - 20*o - 11. Let v be d(c). Let i(m) = m. Give i(v).
0
Let j(o) = 2*o**2 - 4*o - 3. Suppose 0 = 30*q - 33*q + 12. Suppose -f + 4*z + 2 + 18 = 0, 0 = -2*f - 3*z - q. What is j(f)?
13
Let c = 28 + -16. Let a be (-1 - -2)/(3/c). Let k(q) be the third derivative of q**4/8 - q**3 + 7*q**2 - 38*q. What is k(a)?
6
Let d(c) = -c**3 - 4*c**2 + 2. Suppose 0 = 6*w - 2*w - 2*g - 282, -w - 5*g + 76 = 0. Let i = w + -62. Suppose -5 = -z - i. Determine d(z).
2
Suppose 4*o - 20 = -o. Let g(l) = 0 - 4 + o*l - l + 0. Let b(u) = -2*u**3 - 13*u**2 - 4*u + 16. Let m be b(-6). Give g(m).
8
Let l(h) = 2*h**2 + 14*h - 18. Let r be l(-11). Let d = 23 - r. Let b = d + 48. Let y(z) = -15*z. Calculate y(b).
-15
Let t(p) = p + 4. Suppose 0 = -13*j - 76 - 15. Let b(f) = -4*f - 15. Let v(a) = j*t(a) - 2*b(a). Determine v(6).
8
Let q(n) = 2*n**2 + 9*n + 2. Let j be q(-9). Suppose -j*m = -82*m - 7. Let l(s) = -s**3 + 8*s**2 - 6*s - 7. Give l(m).
0
Let o(q) be the first derivative of -2/3*q**3 + 32 - 1/2*q**2 + 2*q. Let m(g) = g - 9. Let k be m(7). Calculate o(k).
-4
Let a(h) = -6*h. Suppose -7*z + 4*z = -144. Let s = z + -54. Let o be 1/2*(3 + (s - -1)). Give a(o).
6
Let a(f) = -2 + 0*f + 5*f - 3*f. Let w(v) = 6*v + 16. Let t be w(12). Suppose 28 = -12*i + t. What is a(i)?
8
Let r = -61 - -63. Let m(z) = 6*z - 7. Let p be m(r). Let x(d) = 5 - 2 - d**2 - 7 + p - 4*d. Give x(-3).
4
Let q(n) = 4*n**2 - 6*n + 4. Suppose -322*y + 60*y + 262 = 0. Give q(y).
2
Let t(a) be the first derivative of 11*a**2 + 78*a + 11163. What is t(-3)?
12
Let r(a) = -a**3 - 3*a**2 + 2*a - 8. Suppose -2*k - 3*g - 439 + 431 = 0, -4*g = -k - 4. Calculate r(k).
0
Suppose 2*h + 119 = -4*s + 127, 0 = 3*h + s - 17. Let m(t) = t**2 + 2*t - 20. What is m(h)?
28
Let r(b) be the third derivative of -b**5/60 - 3*b**4/4 + 25*b**3/3 - 119*b**2. Determine r(-20).
10
Let a(i) be the second derivative of i**6/720 + i**5/30 + 16*i**4/3 + 42*i. Let v(m) be the third derivative of a(m). Calculate v(-6).
-2
Suppose -30 + 6 = -4*a. Let x(k) be the first derivative of k**4/4 - 5*k**3/3 - 7*k**2/2 + k - 27993. Give x(a).
-5
Let g(q) = -q + 1. Let f(n) = -3*n. Let w(h) = f(h) + 2*g(h). Let b = -15137 + 15140. Calculate w(b).
-13
Let m(u) be the third derivative of 1/60*u**5 + 0 - 1/2*u**4 - 2*u - 11/6*u**3 - u**2. Give m(13).
2
Let p be (-46937)/85 + (-3)/(30/8). Let m be -3 + p/(-14) + (-1)/2. Let t(u) = 76*u - 41*u - m*u - 12. Determine t(-13).
1
Let q(k) = -41*k**2 + 23*k + 9. Let o(c) = -10*c**2 + 3*c. Let u(p) = -4*o(p) + q(p). Calculate u(7).
37
Let r(d) = d**3 + d**2 - 3*d + 3. Let t be (27/15)/((-18)/(-30)). Let f be 100/(15/t) + 1. Let o = -24 + f. Give r(o).
-6
Suppose 32*m + 34*m - 95 = 1159. Let o(w) = -13*w + 255. What is o(m)?
8
Let b(c) = -c**2 + 9*c - 22. Let k be ((-48)/9)/(-2)*39/52. Determine b(k).
-8
Let v(t) be the second derivative of -t**3/6 + 13*t**2 + 866*t. What is v(-11)?
37
Let x = 18 - 10. Let t(u) = -2*u**2 - 9*u - 1. Let k be t(-4). Let a(g) = 8*g + 8*g**2 - 9*g**2 + k + 0*g**2. Calculate a(x).
3
Let j(y) = 5*y**3 + 88 - y**3 + 77 - 175 + 10*y**2. Let o(m) = -5*m**3 - 11*m**2 + 11. Let s(x) = -6*j(x) - 5*o(x). Let b = -2 - -7. Give s(b).
5
Let v(q) = q**3 + 10*q**2. Let y be v(-9). Suppose -36*t + y = -33*t. Let l be 1 - (-2)/(-6) - 180/t. Let x(g) = -g - 4. Calculate x(l).
2
Let k(m) = 7*m**3 + 3*m**2 + 4*m - 7. Let i(r) = 16*r**3 + 6*r**2 + 8*r - 14. Let j(v) = 4*i(v) - 9*k(v). What is j(4)?
7
Let v(r) = 60*r - 36. Let c(n) = -78*n + 35. Let d(b) = 3*c(b) + 4*v(b). Determine d(2).
-27
Let j(f) = f**3 - 5*f**2 - 4*f + 3. Suppose 10 = -50*c + 45*c. Let p be (-3 + 7)*c/(-2). Determine j(p).
-29
Let p(w) = 10*w + 64*w**2 + 67*w**2 + 65*w**2 + 66*w**2 - 261*w**2 + 11. Determine p(-8).
-5
Suppose 7*v + 0*v - 70 = 0. Let b = 215 - 213. Let x(l) = -l**b + 6 + 2*l - v - l. Calculate x(-3).
-16
Let b(d) = -8*d**2 + d**3 + 6 + 0 + 6*d + 2*d. Let z(o) = o + 12. Suppose 8*u = -3 - 45. Let w be z(u). Determine b(w).
-18
Suppose 0 = 2*q - 3*i + 8, 3*i - 18 = -3*q - 0*i. Let z(j) = -176*j**2 + 153*j**q + 0 - 1 + 2*j. Give z(1).
-22
Let w be (92/184)/(1/10). Let g(x) = 2*x**3 - 9*x**2 + 7*x. What is g(w)?
60
Let l(r) = -2 - 11 + 4544*r - 2271*r - 2259*r. Calculate l(3).
29
Suppose j - 5*a - 802 = 0, 3*j + 3*a - 510 = 1878. Suppose -2*w + 7*w - 1967 = p, -3*p = 2*w - j. Let b(o) = -w*o + o**2 - 3 - 3 + 404*o. Determine b(-10).
-6
Let a(o) = 143 + 139 - 562 + 142 - o + 132. Determine a(-4).
-2
Let z(x) = -x**2 - 27*x + 171. Let y(n) = -5*n**2 - 135*n + 856. Let w(m) = -2*y(m) + 11*z(m). Calculate w(-32).
9
Let q(f) be the third derivative of -f**6/120 - 2*f**5/15 - f**4/24 + f**3 - 19*f**2 + 23. What is q(-6)?
-60
Let r(c) = -c**3 + c**2 - 3. Let m(h) = 14*h - 178. Let l be (6/8)/(219/3796). Let s be m(l). Calculate r(s).
-51
Let s(y) = 3*y**2 + 1. Let w(o) = -o**3 + 7*o**2 - 6*o - 4. Let n be w(4). Suppose -6*k + 4*k = n. Let l be 6/(-4)*k/15*1. Calculate s(l).
4
Let o be (-9)/6 - 175/(-50). Let s(h) = 465*h**3 - 232*h**3 - 4*h + 2 + 2*h**o - 234*h**3. What is s(2)?
-6
Let j(g) = 6*g. Suppose 2*l - 5*v + 17 = 0, -5*v + 4 = 4*l - 37. Let h be (80/(-15))/(l/(-6)). Suppose 5*z + 4*x - 2 = h, 4*z + 2*x - 8 = 0. What is j(z)?
12
Let n(x) = -x**3 + 12*x**2 - 12*x + 15. Suppose -46*q + 44*q = 4*v + 24, 5*v = 4*q + 61. Let k be 2 + (-5)/2 - 161/q. Determine n(k).
4
Suppose -45*w - 2673 = -126*w. Let q(p) = -2*p + 58. Give q(w).
-8
Suppose -59*r = -58*r - 23. Let z(h) = 20*h + 19 + h**3 - 3*h**2 + r*h**2 + 2. Let v be z(-19). Let m(i) = 2*i**3 - 3*i**2 + 1. Give m(v).
5
Let l = 1814 + -1814. Let n(y) be the third derivative of -y**4/24 - 15*y**3/2 + 5*y**2. Give n(l).
-45
Let d(y) be the second derivative of 0 + 59*y + 1/3*y**3 - 7/2*y**2. Calculate d(5).
3
Let u(q) = -1 - 87861*q + 87867*q + 4*q**2 - 2 - 5. Give u(-8).
200
Suppose 0 = 58*g - 63*g - 20. Let l be (14/4 + g)*-6 + 14. Let p(n) = -n**2 + 17*n - 4. What is p(l)?
-4
Let i(j) = j**2 - 5*j + 12. Let x be i(6). Suppose -4 = -14*p - x. Let y(k) = 11*k - 1. Determine y(p).
-12
Let s(o) = 2 - 17*o - 26*o + 59*o - 23*o. Let u(h) = -8*h + 1. Let c(l) = 4*s(l) - 3*u(l). Give c(6).
-19
Let d(z) = 2*z - 3. Suppose 11*r - 12*r = 3. Let n be (6 - r/(-1))*1. What is d(n)?
3
Let m be (4/6)/((-2)/6). Let r = m + 7. Let x(h) = 2*h - 2. Let p(u) = -5*u - 1. Let i(f)